Is 19131683 composite?
False
Is 11765461 prime?
False
Is 33602971 prime?
True
Is 589903447 composite?
True
Is 5793569 a prime number?
False
Is 5830465 prime?
False
Is 1737007 prime?
True
Is 58919411 a composite number?
True
Is 12741811 a prime number?
True
Is 7514389 composite?
True
Is 582491329 a prime number?
False
Is 15141261 composite?
True
Is 8026222 prime?
False
Is 6159371 prime?
False
Is 11196799 prime?
True
Is 3335057 composite?
True
Is 37593067 a prime number?
True
Is 52265263 prime?
True
Is 64464737 composite?
True
Is 13484369 a composite number?
True
Is 9656921 a composite number?
True
Is 539527 a prime number?
False
Is 10228301 composite?
False
Is 11724143 prime?
False
Is 75100429 a prime number?
False
Is 124796051 a composite number?
False
Is 10401917 composite?
False
Is 68008663 composite?
True
Is 1361777 prime?
True
Is 30196721 a prime number?
False
Is 476955641 a prime number?
False
Is 6086541 composite?
True
Is 1151477 prime?
False
Is 19916821 composite?
True
Is 13751 a composite number?
False
Is 110168759 composite?
True
Is 85652899 a prime number?
True
Is 94305599 prime?
True
Is 13437349 a prime number?
True
Is 6828133 a composite number?
True
Is 10892509 a prime number?
True
Is 4397131 prime?
True
Is 82439741 a composite number?
True
Is 26257787 a composite number?
False
Is 130217039 composite?
False
Is 4114423 a prime number?
False
Is 22792757 prime?
False
Is 7488647 a composite number?
True
Is 4783237 a composite number?
True
Is 376249 prime?
False
Is 245201323 a composite number?
False
Is 362771599 prime?
False
Is 172716853 a composite number?
True
Is 31082263 prime?
True
Is 1244987 a prime number?
True
Is 2580743 prime?
False
Is 3070643 a composite number?
True
Is 5396801 a composite number?
True
Is 1873297 prime?
True
Is 13921373 a prime number?
True
Is 910491737 composite?
True
Is 35243881 prime?
True
Is 269600117 composite?
False
Is 271815389 a composite number?
True
Is 26198061 composite?
True
Is 8142023 composite?
True
Is 854719 a composite number?
True
Is 10043603 prime?
True
Is 22675811 a prime number?
False
Is 2160047 prime?
False
Is 1703473 a composite number?
True
Is 5798413 a composite number?
False
Is 19557809 a composite number?
False
Is 622783 a prime number?
False
Is 9906569 a composite number?
False
Is 938317 a prime number?
False
Is 167639 composite?
True
Is 545597 composite?
True
Is 1873831 composite?
False
Is 1686871 prime?
True
Is 70209391 prime?
False
Is 244398833 a prime number?
False
Is 33014347 a prime number?
False
Is 19794937 prime?
True
Is 575849203 a prime number?
False
Is 37712258 prime?
False
Is 1211945123 a prime number?
False
Is 1335099 a composite number?
True
Is 6458867 a composite number?
True
Is 26971951 composite?
False
Is 79509649 prime?
True
Is 7614353 a prime number?
False
Is 269300891 a prime number?
True
Is 159796067 a prime number?
True
Is 930305339 prime?
True
Is 4204129 composite?
True
Is 1528399 a prime number?
True
Is 160381457 a prime number?
True
Is 2333657 a prime number?
True
Is 61963619 a prime number?
True
Is 309714089 a prime number?
True
Is 16280119 composite?
False
Is 962063 prime?
True
Is 24572029 a composite number?
False
Is 65254877 composite?
False
Is 47326693 a prime number?
True
Is 14978427 composite?
True
Is 13577321 prime?
True
Is 1708429 composite?
True
Is 33002413 composite?
True
Is 21672319 prime?
True
Is 5165807 a composite number?
True
Is 4290757 a prime number?
True
Is 4453786 prime?
False
Is 82250899 prime?
True
Is 9044647 prime?
True
Is 4248763 prime?
False
Is 242771147 a composite number?
False
Is 2618183 a composite number?
True
Is 1371047 a composite number?
False
Is 76016819 a composite number?
True
Is 2208641 composite?
True
Is 3031858837 a composite number?
True
Is 4383961 prime?
False
Is 415597738 a prime number?
False
Is 579307 composite?
True
Is 245579597 a composite number?
False
Is 50820647 a composite number?
True
Is 44215417 a prime number?
True
Is 3343013 a composite number?
False
Is 3185227 prime?
True
Is 5511383 a prime number?
False
Is 11591219 composite?
False
Is 1043969 a composite number?
False
Is 24218 a prime number?
False
Is 110401 a composite number?
True
Is 579179 a composite number?
False
Is 132438961 a composite number?
False
Is 39952646 a prime number?
False
Is 11925743 prime?
True
Is 1655123 a composite number?
False
Is 34877147 composite?
False
Is 64954301 prime?
True
Is 50970287 a prime number?
False
Is 51323485 a prime number?
False
Is 382877 composite?
True
Is 8756249 composite?
True
Is 1420277 a prime number?
True
Is 158129 prime?
True
Is 3765961 a composite number?
True
Is 174642554 a composite number?
True
Is 330991 prime?
False
Is 545849 prime?
False
Is 28054027 composite?
True
Is 1658089 composite?
False
Is 5270921 a composite number?
False
Is 158886083 prime?
True
Is 28153 composite?
True
Is 58543817 a composite number?
False
Is 909151 a prime number?
True
Is 969817 prime?
False
Is 11954413 prime?
False
Is 512783 composite?
True
Is 51875521 a composite number?
False
Is 68978191 prime?
True
Is 79343965 composite?
True
Is 79214957 composite?
False
Is 2797589 a composite number?
False
Is 966961 a composite number?
False
Is 4650053 prime?
True
Is 1158509 composite?
True
Is 430543 prime?
True
Is 11508647 prime?
False
Is 15633091 a composite number?
False
Is 3950845 a composite number?
True
Is 270288901 prime?
True
Is 35043769 composite?
True
Is 580079 a prime number?
True
Is 56944279 a composite number?
True
Is 15764297 composite?
False
Is 82181453 prime?
True
Is 427213 a composite number?
False
Is 41321681 a prime number?
True
Is 5504901 prime?
False
Is 190121 a prime number?
True
Is 24527021 a prime number?
False
Is 107368507 a composite number?
False
Is 2072574947 composite?
False
Is 388717397 a prime number?
False
Is 2101313 composite?
False
Is 11321221 a composite number?
True
Is 40104859 composite?
False
Is 210597 a prime number?
False
Is 302354593 a prime number?
True
Is 2637235 composite?
True
Is 1479409 a prime number?
True
Is 1627979 a composite number?
False
Is 470439611 composite?
True
Is 1416871 composite?
False
Is 258482261 composite?
False
Is 36931805 a composite number?
True
Is 235603889 prime?
True
Is 74674429 composite?
False
Is 340368529 a prime number?
False
Is 1200743 a composite number?
True
Is 113843591 a composite number?
False
Is 165299 prime?
False
Is 9773207 composite?
False
Is 1910327 prime?
False
Is 46819373 a composite number?
False
Is 21656659 a prime number?
False
Is 7574207 a prime number?
True
Is 350657 a prime number?
True
Is 22991 a composite number?
True
Is 3980281 a prime number?
True
Is 92789941 a prime number?
False
Is 4182881 a prime number?
True
Is 168993001 prime?
False
Is 9698253 a composite number?
True
Is 8514683 a prime number?
True
Is 921581 prime?
True
Is 415942 composite?
True
Is 241612783 a composite number?
False
Is 19877999 composite?
True
Is 79148603 prime?
True
Is 11635606 composite?
True
Is 342316281 prime?
False
Is 8538767 composite?
False
Is 17797789 composite?
False
Is 5394019 composite?
True
Is 7757861 prime?
True
Is 15542203 composite?
False
Is 5774803 composite?
True
Is 5963341 a composite number?
False
Is 5274463 composite?
False
Is 68500829 a prime number?
False
Is 3145091 prime?
True
Is 37717919 composite?
False
Is 326357 composite?
True
Is 26719157 a composite number?
False
Is 90771361 a prime number?
False
Is 450187403 prime?
False
Is 1939541 a composite number?
False
Is 22508095 prime?
False
Is 56992703 a prime number?
True
Is 409965767 prime?
False
Is 5103029 composite?
False
Is 13693411 a composite number?
True
Is 2729941 a prime number?
False
Is 117376681 a composite number?
True
Is 931303 a prime number?
True
Is 722815031 a composite number?
False
Is 1209913 a composite number?
True
Is 6770419 composite?
False
Is 21788327 composite?
True
Is 110501737 a composite number?
False
Is 1801763 prime?
False
Is 121847413 prime?
True
Is 13389511 a prime number?
True
Is 27981763 a prime number?
True
Is 5191651 prime?
True
Is 40176823 a prime number?
True
Is 10373309 prime?
True
Is 3303319 composite?
False
Is 142582147 a composite number?
False
Is 22270139 composite?
False
Is 7604369 a prime number?
True
Is 211049609 a prime number?
True
Is 467141 comp